957b5
In base 7, what is 611 - -1005123?
1006034
In base 3, what is -20222 - 2002110202110?
-2002111000102
In base 6, what is 2410425554 + -40?
2410425514
In base 12, what is 2517623 - 3?
2517620
In base 14, what is -1ad99 + 0?
-1ad99
In base 14, what is 39 + -116574?
-116539
In base 11, what is 16a6 + 21626?
23221
In base 15, what is -1d - 66a954?
-66a972
In base 11, what is 36 - 9779a7?
-977971
In base 8, what is 6 + 441413771?
441413777
In base 3, what is 101211 + 2111111011?
2111212222
In base 9, what is 482126 + 8?
482135
In base 6, what is 454 + 4154033?
4154531
In base 15, what is 1 + -1028c15?
-1028c14
In base 9, what is 372 - 222545?
-222163
In base 8, what is -76603 + -372?
-77175
In base 16, what is -1a3c888 - 7?
-1a3c88f
In base 6, what is 20512112251 + -5?
20512112242
In base 9, what is 82388033 + 1?
82388034
In base 13, what is -338 + -aa27?
-b062
In base 5, what is -22 - -2302400002?
2302344430
In base 6, what is 1025114415 + 10?
1025114425
In base 14, what is 70 - 94481?
-94411
In base 14, what is -a9012dd3 + -2?
-a9012dd5
In base 11, what is -6 - 4820a859?
-4820a864
In base 13, what is 1589 - 3b435?
-39b79
In base 2, what is -1011111 - -100010110111101000?
100010110110001001
In base 13, what is -184 - 10324?
-104a8
In base 4, what is -1101 + -2012312003?
-2012313110
In base 8, what is -62457 - -366?
-62071
In base 4, what is -1 - -123132200121?
123132200120
In base 13, what is 1ac9b8b + 4?
1ac9b92
In base 3, what is -20 + -101202001112121?
-101202001112211
In base 14, what is 1b8d61 + -6?
1b8d59
In base 7, what is 11564010 + -2?
11564005
In base 3, what is -1011002 + 12011210020?
12010122011
In base 3, what is 110100 - -111122002?
112002102
In base 16, what is 9f90d + -19?
9f8f4
In base 10, what is -66911 + -5789?
-72700
In base 8, what is -10 - 257063?
-257073
In base 11, what is 505 + 28878?
29282
In base 9, what is 1555 + -273448?
-271783
In base 4, what is -2023 - -23202202?
23200113
In base 7, what is -1105111 + -12?
-1105123
In base 8, what is -27016056 - -12?
-27016044
In base 2, what is 11101 - 100111011101000010100001?
-100111011101000010000100
In base 16, what is -d - 9c47?
-9c54
In base 3, what is -20022102 - -11110012?
-1212020
In base 16, what is -30 - -8a9e?
8a6e
In base 11, what is 6 - -47a5a842?
47a5a848
In base 14, what is -237 + -24b7?
-2710
In base 5, what is 4003212230 + -2?
4003212223
In base 9, what is 1737213 + -81?
1737122
In base 16, what is -53fd7c - -4?
-53fd78
In base 6, what is 13041432 - -115?
13041551
In base 5, what is 0 + -114143232401?
-114143232401
In base 9, what is 266422 + 1375?
267807
In base 9, what is -36148438 - -36?
-36148402
In base 8, what is -11562073 - 2?
-11562075
In base 14, what is 2206c3 + -3?
2206c0
In base 5, what is -2434 - -14323120?
14320131
In base 11, what is 17059466 - -13?
17059479
In base 10, what is 14575325 + -2?
14575323
In base 13, what is -2053 + 7b9a?
5b47
In base 3, what is -2012111200 - -12010121?
-2000101002
In base 3, what is -12 + 10101100110221?
10101100110202
In base 8, what is -2 + 77312435?
77312433
In base 10, what is -446 - 5992?
-6438
In base 11, what is -2727096 + 2?
-2727094
In base 5, what is 20 + -24130444110?
-24130444040
In base 11, what is 85 + -8348?
-8273
In base 15, what is -2 + -7c34eb?
-7c34ed
In base 7, what is -141624655 + 5?
-141624650
In base 9, what is 51708 - -2020?
53728
In base 15, what is a7 + -2e4e9?
-2e442
In base 16, what is -85 - c418?
-c49d
In base 5, what is -23 - 1303402111?
-1303402134
In base 9, what is 8088670 + -12?
8088657
In base 3, what is -211010210222010 + -11?
-211010210222021
In base 4, what is -21 - -101011230?
101011203
In base 6, what is 142005 - -2455?
144504
In base 3, what is 102201221 + 112102121?
222011112
In base 13, what is 1c76c10b + 1?
1c76c10c
In base 12, what is -155339b35 - 4?
-155339b39
In base 10, what is 145 - 251928?
-251783
In base 6, what is 21545 + 10124?
32113
In base 16, what is -30e2e - -e31?
-2fffd
In base 12, what is -1 + -1a462577?
-1a462578
In base 9, what is 50577476 + 12?
50577488
In base 3, what is -201 + -12101012102122?
-12101012110100
In base 5, what is -1210004123 - 2004?
-1210011132
In base 9, what is 11083588 - 13?
11083575
In base 16, what is -5 + -9cdcad?
-9cdcb2
In base 10, what is -4211766 - -4?
-4211762
In base 9, what is 13535288 - 14?
13535274
In base 2, what is 1010011101110 - 100001001101010010?
-11111111001100100
In base 5, what is -22120242 - -1034?
-22114203
In base 9, what is 1 + 25248056?
25248057
In base 4, what is -11201011 + 1221303?
-3313102
In base 3, what is -21 - 1221022212?
-1221100010
In base 9, what is -46266 + -74835?
-132212
In base 10, what is -169313 - 333?
-169646
In base 9, what is -53858 - 401?
-54360
In base 16, what is -578231a - -5?
-5782315
In base 6, what is 4 - 340013450?
-340013442
In base 3, what is 2220220011022 - 2111?
2220220001211
In base 13, what is -3105bcc - 10?
-3105c0c
In base 10, what is 734 + 74685?
75419
In base 7, what is 340255 + -23412?
313543
In base 7, what is 10100605 + 636?
10101544
In base 14, what is -119 - 8d2?
-a0b
In base 8, what is 6302 + -647?
5433
In base 9, what is -38448873 - 41?
-38450024
In base 2, what is -1001 - 101011010000001101110110100?
-101011010000001101110111101
In base 5, what is 13331020 - -4420?
13340440
In base 13, what is ab496109 + 3?
ab49610c
In base 3, what is 11212112111000212 + 11?
11212112111001000
In base 4, what is 2103 - 332333101?
-332330332
In base 9, what is 13703451 + -2?
13703448
In base 12, what is -37 + 1288058?
1288021
In base 3, what is 11222 - -1010112222120?
1010120011112
In base 16, what is a90a - -b6?
a9c0
In base 7, what is -4600513620 - 1?
-4600513621
In base 7, what is -264 + 131236?
130642
In base 6, what is 42524102 + -101?
42524001
In base 2, what is -111001 - 101000110010011101?
-101000110011010110
In base 14, what is -8d6c47 - 2?
-8d6c49
In base 14, what is -5 - 1950185?
-195018a
In base 6, what is 50340 - -2035?
52415
In base 9, what is -1104 - 7405?
-8510
In base 16, what is 60 + -15634?
-155d4
In base 4, what is -22132 + 1311130202?
1311102010
In base 6, what is -2153412 + 2010?
-2151402
In base 7, what is 3206 - 4154?
-645
In base 14, what is 871a77 - 5?
871a72
In base 15, what is -139cc4 - 59?
-139d2d
In base 14, what is -2b6 - 14d7?
-17ad
In base 15, what is -117bd73 - -4?
-117bd6e
In base 6, what is -354132354 + 5?
-354132345
In base 9, what is 1728061407 - -4?
1728061412
In base 6, what is 123 - 5533344?
-5533221
In base 11, what is -60 - 42480?
-42530
In base 5, what is 40031401141 + -10?
40031401131
In base 13, what is -2319558 + 37?
-2319521
In base 8, what is -37570246 - -3?
-37570243
In base 5, what is -134403140 - -2302?
-134400333
In base 14, what is 368a57 + 29?
368a82
In base 16, what is -21b + -2b560?
-2b77b
In base 14, what is -3a - -8c48?
8c0c
In base 11, what is -453360 - 25?
-453385
In base 6, what is -4352 - 2033003?
-2041355
In base 2, what is 110100010111 + -11101101010100?
-10111000111101
In base 9, what is -506515 + -133?
-506648
In base 13, what is -107 - 13719c6?
-1371b00
In base 7, what is -53 - -161320442?
161320356
In base 14, what is -1d9094 + -4?
-1d9098
In base 3, what is 20000210210021 + 2?
20000210210100
In base 4, what is 123 - -123132033?
123132222
In base 8, what is 373 - 746625?
-746232
In base 13, what is 50 - -c68aac?
c68b2c
In base 11, what is 121a633 - -10?
121a643
In base 13, what is -13253b - 55?
-132593
In base 6, what is 140 + -2305041?
-2304501
In base 2, what is -1101000110110000100 + 1001000?
-1101000110100111100
In base 5, what is -422 - 20124431?
-20130403
In base 7, what is -5643034004 - 3?
-5643034010
In base 13, what is 1256385 + -12?
1256373
In base 13, what is -b7 - 78340?
-78427
In base 10, what is 23886 + 19918?
43804
In base 6, what is 45334 - -1154103?
1243441
In base 10, what is 6 + 3401997?
3402003
In base 5, what is 10 + 100114043211?
100114043221
In base 6, what is 0 + 2251252223?
2251252223
In base 10, what is -462723 - 16?
-462739
In base 16, what is 1333e9 + -135?
1332b4
In base 7, what is 5530 - -113666?
122526
In base 3, what is 211 - 20201201121?
-20201200210
In base 15, what is -18d + 23115?
22e77
In base 2, what is 10 + -10000010001010111001100111010?
-10000010001010111001100111000
I